100. Let h(k) = -12*k**3 - 40*k**2 + 51*k + 67. Let v(l) = 8*h(l) + 5*r(l). What is v(-6)?
-6
Let i(t) = -2*t**2 - 18*t + 227. Suppose 37 = 3*k + 4*h, 4 = -2*k - 3*h + 30. Determine i(k).
3
Let a(g) be the third derivative of 1/2*g**4 + 1/60*g**5 + 0*g - 3*g**2 - 11/6*g**3 - 8. Calculate a(-13).
2
Let h be (10/(-3))/((-44)/33 + 2). Let o(r) = -12*r - 57. Let w be o(h). Let t(y) = y**3 - 4*y + 3. Calculate t(w).
18
Let a(b) be the second derivative of 1/24*b**4 + 0 - 1/6*b**3 - 11*b**2 - 18*b. Let u(l) be the first derivative of a(l). What is u(6)?
5
Let w = 568 + -569. Let u(r) be the second derivative of -r**3/6 + 3*r**2/2 - r + 123. What is u(w)?
4
Let y(k) = -37*k - 1073. Let r be y(-29). Let h(d) = -45*d - 2. Determine h(r).
-2
Let g(m) be the second derivative of -m**4/12 + m**3/6 - m**2/2 - 9*m. Suppose -130 + 9 = 5*o - 2*f, 5*o - 3*f = -124. Let a = -23 - o. What is g(a)?
-1
Let v(w) = -2*w**3 + 13*w**2 + 10*w + 4. Suppose -5*j = 4*h - 3, 0 = 29*j - 25*j + 20. Determine v(h).
25
Let y(k) = -14*k. Suppose -4*n + 12 = 4*a - 3*a, -3*a + 100 = -4*n. Suppose a*d - 7 = 21*d. Calculate y(d).
-14
Suppose 350*l - 165*l - 187 = 174*l. Let a(n) = -3*n + 62. Determine a(l).
11
Let m(x) = 34*x + 14. Let q(u) = -8*u - 2. Let p(b) = m(b) + 4*q(b). Let n(z) = z**3 - 2*z**2 - 4*z - 3. Let f be n(3). Determine p(f).
-6
Let a(t) = -713*t**2 - 2 + t + 1002*t**2 - 287*t**2. Determine a(0).
-2
Let u(j) = -4 + 0*j + 11*j + 4*j + 0*j - 2*j. Suppose 0 = -3*a - 3, a = -3*k + 8. What is u(k)?
35
Let u be ((-3)/2*16/15)/((-6)/(-15)). Let d(a) = a**3 - a**2 - a + 11. Give d(u).
-65
Let r(i) be the third derivative of i**4/12 + 47*i**3/6 - 2019*i**2. Give r(6).
59
Let r(x) be the second derivative of -x**5/12 + x**4/24 - x**3/6 + 99*x**2/2 - 119*x. Let z(w) be the first derivative of r(w). Calculate z(1).
-5
Let u(f) be the third derivative of -f**6/120 + 3*f**5/10 - 17*f**4/24 + 13*f**3/6 - 853*f**2 + 1. Give u(17).
13
Suppose 0 = -5*x + 4*x - 2*j + 13, -x = 4*j - 19. Suppose -4*r + 2*f + 14 = -x*r, 0 = -2*r + 3*f + 8. Let w(t) = -5*t + 2. Give w(r).
12
Let h = 232 - 229. Let f(d) = 5*d**2 + 5*d**3 - 4*d**3 + 349 - h*d**2 - 350. Determine f(-2).
-1
Let x(r) = -r - 70. Let u(h) = -3*h - 230. Let g(i) = -4*u(i) + 13*x(i). Let j(z) = -2 - 6*z - z + 8*z. Let v be j(7). Give g(v).
5
Let k(r) = 2*r**3 - 3*r**2 + 4*r - 5. Let g be k(2). Let q(v) be the third derivative of -v**6/120 + 7*v**5/60 + v**4/12 - 3*v**3/2 + 17*v**2. What is q(g)?
5
Let d(s) = -s**3 + 5*s**2 + 3*s - 13. Suppose -36 = 13*t - 140. Let g be (20/48)/(t/96). What is d(g)?
2
Let b be 7 - (174/36 - -2). Let n(f) be the second derivative of -5*f - f**2 - b*f**3 + 0 - 1/12*f**4 - 1/20*f**5. What is n(-2)?
4
Suppose -5*s - 2 = -4*q, 3*s + 4*q + 10 = 2*q. Let d be s/(10/15*-1). Let n(a) = -4*a. Determine n(d).
-12
Let r(l) be the third derivative of -l**5/20 + 11*l**4/12 + 6*l**3 - 4*l**2 - 213*l - 2. Determine r(9).
-9
Let l(i) = -11*i - 82. Let t be 6 + (-12 - (-1056)/60)/(2/(-5)). What is l(t)?
6
Let f(i) be the third derivative of 4*i**4/3 + 21*i**3 + 916*i**2. Give f(-4).
-2
Let q(v) = 2*v**3 + v. Let n = 1006 - 1018. Let c be (n/3)/(-4) - 0. Calculate q(c).
3
Suppose -7*u = 5*j - 2*u - 25, u = -3*j + 9. Suppose 2*w = -j*m + 12, -5*m + 3 = -4*w - 18. Let x(h) = 7*h**2 - h. Calculate x(w).
6
Let w(l) = -4*l + 5. Let r(t) = -19*t + 22. Let j(d) = 6*d - 7. Let v(m) = 8*j(m) + 3*r(m). Let i(b) = 3*v(b) - 7*w(b). Let q = -284 + 287. What is i(q)?
-2
Suppose 55*m - 27 + 82 = -55. Let y(i) = 3*i**2 - 4*i - 10. Calculate y(m).
10
Let o(p) = p - 20. Let a(k) = -3 + 7*k**2 + 6*k**2 + 24*k - k**3 - 47 - 5*k**2 + 22. Let t be a(10). What is o(t)?
-8
Let h(o) be the third derivative of -o**5/60 - o**4/6 - o**3 + o**2. Let v = 331889 + -331892. Give h(v).
-3
Let z(b) be the second derivative of -3*b**3/2 - b**2/2 - 2*b - 217. Let k be (1/(-2))/(6/24*-2). Determine z(k).
-10
Let o(m) be the third derivative of -5*m**4/24 - m**3 + 11875*m**2. Let v = -17 - -12. Give o(v).
19
Let a(m) be the third derivative of -1/120*m**5 + 0*m - 1/24*m**4 - 2*m**2 + 0*m**3 + 1/240*m**6 + 0. Let x(z) be the second derivative of a(z). What is x(-2)?
-7
Suppose 0 = -k - 5*g + 24, 3*k - 2*g - 70 = -66. Let r(y) = -y**3 - y**2 + y - 1. Let m(z) = -4*z**3 + 4*z. Let a(j) = m(j) - 3*r(j). Give a(k).
-9
Suppose -2*t - 2*t = -2*t + 2. Let i(z) be the first derivative of -2*z**2 + 2 + 4*z - 4 + 0*z - 3*z. Give i(t).
5
Suppose 0 = -3*s - 3, -5*s = 2*h - 3*s. Let c(d) be the third derivative of -d**6/8 + d**5/60 - d**2 + 105. Determine c(h).
-14
Let h(p) = p**2 - 4*p + 1. Suppose -5*q = -3*r + r + 41, -3*r - 51 = 5*q. Let g be (-8 - (q + 3)) + 5. Determine h(g).
-2
Let n(d) = -3*d - 52. Suppose 35 = 555*i - 548*i. Suppose i*y - 3*s = -74, -s - 34 = y + y. Calculate n(y).
-4
Let a(m) = -19*m + 105. Let n = -44046 - -44050. Give a(n).
29
Let d(b) = 188 + 6*b**2 + 109 - 295 + b**3 + 9*b. Determine d(-4).
-2
Suppose -i + 23 = 4*m, -4*i + 86 = -3*m + 89. Let r(f) = 10*f - 6. Calculate r(m).
44
Let a(h) be the second derivative of h**4/12 - 7*h**3/2 - 47*h**2/2 - h + 2640. What is a(19)?
-85
Let c(z) be the third derivative of 13*z**4/24 - 19*z**3/6 + 1074*z**2 + 2*z + 1. Calculate c(5).
46
Let b(g) = -5*g**3 - 10*g**2 + 15*g. Let j(n) = 11*n**3 + 21*n**2 - 32*n - 1. Suppose 4 = -6*x + 82. Let i(r) = x*b(r) + 6*j(r). Give i(4).
6
Suppose -5 = -p - 1. Suppose 3*l - 3*r - r = 11, 5*l - p*r - 5 = 0. Let q(h) = -298*h + 1. Let i(u) = -895*u + 2. Let f(g) = i(g) - 3*q(g). Calculate f(l).
2
Let v(f) = 15*f**3 + 22*f**2 - 20*f + 13. Let u(t) = -8*t**3 - 11*t**2 + 10*t - 8. Let b(c) = -11*u(c) - 6*v(c). What is b(-6)?
-14
Let v(c) = -2*c + 15. Let q(i) = -2*i - 2. Let d(b) = -b. Let z(s) = 2*d(s) - 2*q(s). Let t be z(3). What is v(t)?
-5
Let m(z) be the second derivative of z**5/10 - 5*z**4/4 + 7*z**3/6 + z**2 - 438*z + 2. Give m(7).
2
Let b(o) = 3*o**2 + 2*o - 1. Let m(q) = -q - 10. Let z be m(8). Let c be 32/z + (-2)/9. Determine b(c).
7
Suppose 201 - 536 = 49*v + 596. Let t(o) = 3*o**3 + 55*o**2 - 37*o + 12. Calculate t(v).
-7
Let l(d) = -1237*d - 218 + d**3 + 35*d**2 + 82 + 615*d - 147 + 614*d. What is l(-35)?
-3
Suppose 133*w + 6 = 136*w. Let k(t) = 9 - 23 + 2*t**w - 10*t + 8 - 1. Calculate k(5).
-7
Suppose 3*u = -5*n + 7, -5*u + 22 = 20*n - 22*n. Let s(c) be the first derivative of 0*c**2 + 2 - 3*c + 1/3*c**3. What is s(u)?
13
Let g = 0 + 3. Suppose 18*r - 58*r = -200. Let i(y) = 17*y - r*y**2 + 41 + y**3 - 15*y - 40. Calculate i(g).
-11
Let v(j) = -j**2 + 9*j + 4. Let i = 233 - 230. Suppose -3*m = m + 20, -2*m = i*b - 8. What is v(b)?
22
Let h(l) be the first derivative of -18*l**2 + 165*l - 3605. What is h(5)?
-15
Let t(g) be the third derivative of 1/60*g**5 + 0*g**4 - 1/6*g**3 + 0 + 3*g**2 - 15*g + 1/120*g**6. Calculate t(-1).
-1
Suppose -6*d = -10*d. Suppose p = -d*p + 9. Let g(w) = 4*w**2 - p - 1 - 3*w**2. Determine g(0).
-10
Let d(f) = 19 - 3*f + 23 + 20 - 63. Let r = -30 + 26. Give d(r).
11
Suppose 4*k - 4 = -5*x - 19, -9 = x + 2*k. Let y(w) = -w**3 - 5*w**2 + 9*w + 5. Let s be y(-6). Let r be x - 0 - 13/s. Let c(q) = -3*q + 2. Calculate c(r).
-4
Let n = -13 - -7. Let k(p) = 9*p**2 + 3*p - 3. Let x(y) = 5*y**2 + y - 1. Let g = -33 - -40. Let l(s) = g*x(s) - 4*k(s). What is l(n)?
-1
Let u(j) be the first derivative of -j**6/120 - j**5/5 - 5*j**4/12 - j**3/3 + 59*j**2/2 + 73. Let l(t) be the second derivative of u(t). Calculate l(-11).
-13
Let d(g) = -2*g**2 + 35*g + 49. Let i(w) = -w**3 + 15*w**2 - 30*w + 71. Let a be i(13). Calculate d(a).
-8
Let y(d) = -3 + 1 + 4*d + 4. Suppose -3*s = -3*k - 5*s + 369, 3*k = -4*s + 363. Let a = k + -127. Calculate y(a).
-6
Let x(p) = 1365*p**2 - 64*p - 1366*p**2 + 25*p + 6 + 32*p. Suppose 20 = -3*l + 2. What is x(l)?
12
Let b(y) = -4*y + 18. Let f be b(5). Let g be f*(-2)/(8/46). Let c(z) = 8*z + z + 24 - z**2 - g. Determine c(9).
1
Let a(p) = 16*p + 28. Let k be 180/20*((-4)/10)/((-18)/50). Calculate a(k).
188
Let l(n) be the second derivative of -n**3/3 + 3*n**2/2 - 242*n - 5. Determine l(5).
-7
Let t be -1 + 3 + (-105)/5. Let q be (1 - 1)*(-18 - t). Suppose -o + q*g + 4*g - 11 = 0, -3*o + 5*g - 19 = 0. Let f(y) = -y - 4. Give f(o).
-1
Suppose -w = -2*j + 17, -2 = -2*j + 2*w + 12. Suppose -j*i + 50 = -15*